es 8 divide 40006073?
False
Is 305201195 a multiple of 5?
True
Is 1559077234 a multiple of 41?
True
Is 1077962 a multiple of 90?
False
Does 17 divide 83455878?
False
Is 3110020807 a multiple of 133?
False
Does 448 divide 1295616?
True
Is 138416065 a multiple of 63?
False
Does 177 divide 30282431?
False
Is 51 a factor of 948651?
True
Is 693 a factor of 1052797284?
True
Is 163754749 a multiple of 858?
False
Is 490478768 a multiple of 76?
True
Is 35338336 a multiple of 352?
True
Does 17 divide 1551453280?
False
Is 2257 a factor of 165669081?
False
Is 8 a factor of 613292489?
False
Does 89 divide 1701590603?
False
Does 23 divide 980919091?
False
Does 42 divide 893431266?
True
Is 40241229 a multiple of 1430?
False
Is 287829384 a multiple of 12?
True
Is 2310 a factor of 103781370?
True
Is 8 a factor of 637583346?
False
Does 1308 divide 137801724?
True
Is 73910261 a multiple of 54?
False
Does 155 divide 3391400?
True
Is 147700619 a multiple of 107?
False
Is 39054006 a multiple of 692?
False
Is 1014 a factor of 4061378192?
False
Is 1781 a factor of 98679867?
True
Does 38 divide 178889544?
False
Is 1121052774 a multiple of 347?
False
Is 35528671 a multiple of 1470?
False
Is 989934066 a multiple of 11704?
False
Is 19 a factor of 1198287354?
False
Is 18 a factor of 545913461?
False
Does 644 divide 12533528?
True
Is 2462915968 a multiple of 128?
True
Is 542 a factor of 40422360?
True
Does 142 divide 475835622?
False
Is 33678 a multiple of 13?
False
Does 96 divide 1148073514?
False
Is 1342048641 a multiple of 3582?
False
Does 479 divide 4028390?
True
Is 257 a factor of 15059805?
False
Is 1334298600 a multiple of 20?
True
Is 2 a factor of 105916354?
True
Is 76637697 a multiple of 681?
True
Is 28 a factor of 3130251172?
False
Is 156868457 a multiple of 22?
False
Is 15 a factor of 71593680?
True
Is 130 a factor of 34537100?
True
Does 512 divide 209157385?
False
Is 14 a factor of 6476260?
True
Does 3918 divide 217825128?
True
Is 3021875 a multiple of 19?
False
Is 235 a factor of 241015530?
True
Is 274 a factor of 292914220?
True
Does 42 divide 21434079?
False
Is 445541762 a multiple of 20?
False
Is 5051564 a multiple of 28?
True
Does 18 divide 37833156?
True
Does 644 divide 58567292?
True
Is 312074250 a multiple of 375?
True
Is 9 a factor of 1502290831?
False
Does 134 divide 98075095?
False
Is 184476945 a multiple of 14?
False
Is 58535978 a multiple of 65?
False
Is 29 a factor of 1969836?
False
Is 22 a factor of 1464718082?
False
Does 368 divide 25059736?
False
Does 134 divide 16690504?
True
Does 589 divide 730372958?
True
Does 6935 divide 4270091104?
False
Is 50294710 a multiple of 134?
False
Is 2289323474 a multiple of 5065?
False
Does 7 divide 27383307?
True
Is 967355 a multiple of 155?
True
Does 2940 divide 35241780?
True
Is 72 a factor of 144638352?
True
Is 624671740 a multiple of 1036?
True
Is 2739 a factor of 64990992?
True
Is 111504960 a multiple of 560?
True
Is 63251624 a multiple of 12?
False
Does 549 divide 17194680?
True
Is 332 a factor of 41838972?
True
Is 15693164 a multiple of 842?
False
Does 198 divide 77678568?
True
Is 229463735 a multiple of 85?
False
Is 1987462286 a multiple of 1745?
False
Is 34032075 a multiple of 213?
True
Does 103 divide 63261814?
False
Is 10012377 a multiple of 34?
False
Does 4781 divide 901318901?
True
Does 508 divide 16593828?
False
Does 610 divide 46198350?
True
Is 2182936659 a multiple of 210?
False
Is 33009473 a multiple of 409?
False
Is 743690760 a multiple of 8470?
False
Does 7 divide 1196644204?
True
Does 338 divide 361293270?
True
Is 75410346 a multiple of 241?
True
Is 778 a factor of 62162463?
False
Is 40936024 a multiple of 407?
False
Does 19 divide 8751880?
False
Is 26 a factor of 255841274?
True
Is 638270222 a multiple of 1228?
False
Does 33 divide 63948423?
True
Is 33 a factor of 587762109?
True
Is 1424 a factor of 4381861600?
True
Does 180 divide 38180160?
True
Is 7659455 a multiple of 56?
False
Does 1318 divide 23315896?
False
Does 1417 divide 20994272?
True
Is 1815620445 a multiple of 11?
False
Is 45225602 a multiple of 230?
False
Is 10 a factor of 250123930?
True
Is 89036971 a multiple of 19?
False
Does 64 divide 529114413?
False
Is 380804942 a multiple of 13?
False
Does 668 divide 8487016?
False
Is 44 a factor of 12344271?
False
Is 201 a factor of 285621?
True
Is 873405944 a multiple of 41?
True
Is 8093502 a multiple of 10?
False
Is 641998375 a multiple of 899?
True
Is 3 a factor of 15845220?
True
Is 205 a factor of 108655854?
False
Does 95 divide 30930083?
False
Is 302684554 a multiple of 46?
True
Does 81 divide 20487330?
True
Is 5941052 a multiple of 43?
True
Is 4 a factor of 190879008?
True
Is 309191594 a multiple of 72?
False
Is 999128 a multiple of 4?
True
Does 165 divide 296531071?
False
Does 2 divide 4620238?
True
Is 65965933 a multiple of 9?
False
Does 81 divide 4117392?
True
Is 163335086 a multiple of 3411?
False
Does 1560 divide 245806107?
False
Does 7 divide 131144830?
False
Is 16227288 a multiple of 720?
False
Is 258317580 a multiple of 415?
True
Is 400 a factor of 54167750?
False
Is 24834236 a multiple of 329?
True
Is 26967848 a multiple of 136?
True
Does 1069 divide 94006081?
False
Does 4 divide 344535398?
False
Is 69 a factor of 1297713830?
False
Is 9 a factor of 32073155?
False
Is 12 a factor of 421781868?
True
Is 29627712 a multiple of 96?
True
Is 551215403 a multiple of 207?
False
Is 138490078 a multiple of 13?
False
Is 33 a factor of 223428226?
False
Is 243490 a multiple of 4?
False
Is 16013609 a multiple of 428?
False
Is 347476992 a multiple of 185?
False
Is 439 a factor of 41078108?
True
Does 106 divide 41609352?
False
Is 152090345 a multiple of 95?
True
Is 17 a factor of 1331358186?
False
Does 4534 divide 1916680490?
True
Is 19 a factor of 4150227?
True
Is 21996034 a multiple of 38?
True
Is 2361 a factor of 88438991?
False
Is 75017970 a multiple of 2721?
True
Is 13079537 a multiple of 22?
False
Does 44 divide 1339843346?
False
Is 4329 a factor of 321089845?
False
Is 243 a factor of 147193362?
True
Is 1009 a factor of 108806297?
False
Does 88 divide 737409654?
False
Does 14 divide 3403733205?
False
Does 15 divide 1618762?
False
Is 311 a factor of 3841984833?
False
Does 14 divide 514926936?
False
Is 3942729 a multiple of 128?
False
Is 83 a factor of 1466344794?
False
Is 4655 a factor of 341914405?
True
Is 15802320 a multiple of 20?
True
Does 471 divide 350921847?
True
Is 11 a factor of 53428599?
False
Is 138199073 a multiple of 32?
False
Is 16 a factor of 12094752?
True
Does 66 divide 1230433578?
True
Does 350 divide 14519050?
True
Does 52 divide 823908?
False
Is 30674857 a multiple of 9?
False
Is 12517 a factor of 1687153913?
True
Does 8 divide 172465032?
True
Is 54 a factor of 102305060?
False
Does 8 divide 21129808?
True
Is 7084268 a multiple of 1640?
False
Is 13584780 a multiple of 330?
True
Is 19 a factor of 825825284?
False
Does 10 divide 72101230?
True
Is 2680 a factor of 21854960?
False
Does 39 divide 303576196?
False
Does 6 divide 4170667?
False
Does 27 divide 677419281?
True
Is 185 a factor of 16550004?
False
Does 98 divide 2376669?
False
Is 67 a factor of 15904124?
False
Does 2709 divide 106436775?
False
Is 28203840 a multiple of 1260?
True
Is 43050168 a multiple of 36?
True
Does 9 divide 1633636071?
True
Is 39196947 a multiple of 7?
False
Does 188 divide 61211484?
True
Is 9085255 a multiple of 348?
False
Is 411 a factor of 336385416?
True
Is 900030703 a multiple of 209?
True
Does 162 divide 95220522?
True
Is 30 a factor of 851898181?
False
Does 3 divide 1669836?
True
Is 163 a factor of 3317213?
True
Is 25 a factor of 4475700?
True
Is 7116 a factor of 702583494?
False
Does 5695 divide 17569075?
True
Does 61 divide 63430564?
False
Is 119 a factor of 190415196?
False
Is 242 a factor of 14008389?
False
Is 2009 a factor of 1009536338?
False
Is 51 a factor of 1779048255?
False
Is 26 a factor of 98678604?
False
Does 1116 divide 904236768?
True
Is 28871304 a multiple of 264?
True
Is 113625393 a multiple of 1247?
True
Is 31 a factor of 378340616?
True
Does 11 divide 3766998683?
False
Is 2833027813 a multiple of 847?
True
Is 21 a factor of 207194688?
False
Is 7 a factor of 20518566?
False
Is 1700 a factor of 33501900?
True
Does 93 divide 83755731?
False
Does 235 divide 280672